{"id":56,"date":"2023-02-17T17:28:26","date_gmt":"2023-02-17T17:28:26","guid":{"rendered":"https:\/\/inmobiliariabembibre.com\/?page_id=56"},"modified":"2026-04-15T10:46:10","modified_gmt":"2026-04-15T10:46:10","slug":"alquiler-bembibre","status":"publish","type":"page","link":"https:\/\/inmobiliariabembibre.com\/?page_id=56","title":{"rendered":"Alquiler Piso 3 dormitorios"},"content":{"rendered":"\n<h1 class=\"wp-block-heading\">Debido a los constantes cambios en el mercado de alquiler, no puedo ofrecer ninguna vivienda en concreto. D\u00e9jeme sus datos, sus necesidades de vivienda (N\u00ba de dormitorios, ascensor, preferencia de calefacci\u00f3n, etc) y me pondr\u00e9 en contacto con usted a la mayor brevedad. Ayuda mucho si me especifica su situaci\u00f3n laboral y los posibles avales de cara al alquiler as\u00ed como su presupuesto mensual de alquiler. GRACIAS.<\/h1>\n\n\n<div class=\"wp-block-image\">\n<figure class=\"aligncenter size-large\"><img fetchpriority=\"high\" decoding=\"async\" width=\"1024\" height=\"768\" src=\"https:\/\/inmobiliariabembibre.com\/wp-content\/uploads\/2023\/03\/Inquilino-no-paga-1024x768.jpg\" alt=\"\" class=\"wp-image-194\" srcset=\"https:\/\/inmobiliariabembibre.com\/wp-content\/uploads\/2023\/03\/Inquilino-no-paga-1024x768.jpg 1024w, https:\/\/inmobiliariabembibre.com\/wp-content\/uploads\/2023\/03\/Inquilino-no-paga-300x225.jpg 300w, https:\/\/inmobiliariabembibre.com\/wp-content\/uploads\/2023\/03\/Inquilino-no-paga-768x576.jpg 768w, https:\/\/inmobiliariabembibre.com\/wp-content\/uploads\/2023\/03\/Inquilino-no-paga.jpg 1065w\" sizes=\"(max-width: 1024px) 100vw, 1024px\" \/><\/figure><\/div>\n\n\n<h2 class=\"wp-block-heading\"> CONSULTE LAS VIVIENDAS DISPONIBLES<\/h2>\n\n\n<div class=\"wpforms-container wpforms-container-full wpforms-block wpforms-block-89a1b9c9-e50d-4ae2-90d2-8f64de4d0105\" id=\"wpforms-161\"><form id=\"wpforms-form-161\" class=\"wpforms-validate wpforms-form wpforms-ajax-form\" data-formid=\"161\" method=\"post\" enctype=\"multipart\/form-data\" action=\"\/index.php?rest_route=%2Fwp%2Fv2%2Fpages%2F56\" data-token=\"25686e8fc634e53b9dfc800b93601049\" data-token-time=\"1777526150\"><noscript class=\"wpforms-error-noscript\">Por favor, activa JavaScript en tu navegador para completar este formulario.<\/noscript><div class=\"wpforms-field-container\"><div id=\"wpforms-161-field_0-container\" class=\"wpforms-field wpforms-field-name\" data-field-id=\"0\"><label class=\"wpforms-field-label\" for=\"wpforms-161-field_0\">Nombre <span class=\"wpforms-required-label\">*<\/span><\/label><input type=\"text\" id=\"wpforms-161-field_0\" class=\"wpforms-field-medium wpforms-field-required\" name=\"wpforms[fields][0]\" required><\/div><div id=\"wpforms-161-field_4-container\" class=\"wpforms-field wpforms-field-text\" data-field-id=\"4\"><label class=\"wpforms-field-label\" for=\"wpforms-161-field_4\">Tel\u00e9fono de contacto <span class=\"wpforms-required-label\">*<\/span><\/label><input type=\"text\" id=\"wpforms-161-field_4\" class=\"wpforms-field-medium wpforms-field-required\" name=\"wpforms[fields][4]\" required><\/div><div id=\"wpforms-161-field_1-container\" class=\"wpforms-field wpforms-field-email\" data-field-id=\"1\"><label class=\"wpforms-field-label\" for=\"wpforms-161-field_1\">Correo electr\u00f3nico <span class=\"wpforms-required-label\">*<\/span><\/label><input type=\"email\" id=\"wpforms-161-field_1\" class=\"wpforms-field-medium wpforms-field-required\" name=\"wpforms[fields][1]\" spellcheck=\"false\" required><\/div><div id=\"wpforms-161-field_2-container\" class=\"wpforms-field wpforms-field-textarea\" data-field-id=\"2\"><label class=\"wpforms-field-label\" for=\"wpforms-161-field_2\">Solicito informaci\u00f3n sobre: <span class=\"wpforms-required-label\">*<\/span><\/label><textarea id=\"wpforms-161-field_2\" class=\"wpforms-field-medium wpforms-field-required\" name=\"wpforms[fields][2]\" required><\/textarea><\/div><div id=\"wpforms-161-field_7-container\" class=\"wpforms-field wpforms-field-checkbox\" data-field-id=\"7\"><label class=\"wpforms-field-label\">Tratamiento de sus datos personales <span class=\"wpforms-required-label\">*<\/span><\/label><ul id=\"wpforms-161-field_7\" class=\"wpforms-field-required\"><li class=\"choice-1 depth-1\"><input type=\"checkbox\" id=\"wpforms-161-field_7_1\" name=\"wpforms[fields][7][]\" value=\"Acepto el tratamiento de mis datos personales\" required ><label class=\"wpforms-field-label-inline\" for=\"wpforms-161-field_7_1\">Acepto el tratamiento de mis datos personales<\/label><\/li><\/ul><div class=\"wpforms-field-description\">\u00abEn SERGIO DE LA PUENTE PIS tratamos la informaci\u00f3n que nos facilita con el fin de prestarles el servicio solicitado y realizar su facturaci\u00f3n. Los datos proporcionados se conservar\u00e1n mientras se mantenga la relaci\u00f3n comercial o durante el tiempo necesario para cumplir con las obligaciones legales y atender las posibles responsabilidades que pudieran derivar del cumplimiento de la finalidad para la que los datos fueron recabados. Los datos no se ceder\u00e1n a terceros salvo en los casos en que exista una obligaci\u00f3n legal. Usted tiene derecho a obtener informaci\u00f3n sobre si en SERGIO DE LA PUENTE PIS estamos tratando sus datos personales, por lo que puede ejercer sus derechos de acceso, rectificaci\u00f3n, supresi\u00f3n y portabilidad de datos y oposici\u00f3n y limitaci\u00f3n a su tratamiento ante SERGIO DE LA PUENTE PIS, C\/ CASTILLA, 4, BAJO (OFICINA INMOBILIARIA) 24300 &#8211; BEMBIBRE (LE\u00d3N) o en la direcci\u00f3n electr\u00f3nica sergio@inmobiliariabembibre.com, identific\u00e1ndose suficientemente en su solicitud por medios electr\u00f3nicos o, en su defecto, mediante solicitud debidamente firmada. No obstante, si el responsable del tratamiento tuviese dudas razonables en relaci\u00f3n con la identidad de la persona f\u00edsica que cursa la solicitud podr\u00e1 solicitar que se facilite informaci\u00f3n adicional necesaria para confirmar su identidad. Asimismo, y especialmente si considera que no ha obtenido satisfacci\u00f3n plena en el ejercicio de sus derechos, podr\u00e1 presentar una reclamaci\u00f3n ante la autoridad nacional de control dirigi\u00e9ndose a estos efectos a la Agencia Espa\u00f1ola de Protecci\u00f3n de Datos, C\/ Jorge Juan, 6 &#8211; 28001 Madrid.\r\n\r\nAsimismo, solicitamos su autorizaci\u00f3n para ofrecerle productos y servicios relacionados con los contratados y fidelizarle como cliente.\u00bb<\/div><\/div><\/div><!-- .wpforms-field-container --><div class=\"wpforms-submit-container\" ><input type=\"hidden\" name=\"wpforms[id]\" value=\"161\"><input type=\"hidden\" name=\"page_title\" value=\"\"><input type=\"hidden\" name=\"page_url\" value=\"https:\/\/inmobiliariabembibre.com\/index.php?rest_route=\/wp\/v2\/pages\/56\"><input type=\"hidden\" name=\"url_referer\" value=\"\"><button type=\"submit\" name=\"wpforms[submit]\" id=\"wpforms-submit-161\" class=\"wpforms-submit\" data-alt-text=\"Enviando...\" data-submit-text=\"Enviar\" aria-live=\"assertive\" value=\"wpforms-submit\">Enviar<\/button><img decoding=\"async\" src=\"https:\/\/inmobiliariabembibre.com\/wp-content\/plugins\/wpforms-lite\/assets\/images\/submit-spin.svg\" class=\"wpforms-submit-spinner\" style=\"display: none;\" width=\"26\" height=\"26\" alt=\"Cargando\"><\/div><\/form><\/div>  <!-- .wpforms-container -->\n\n<div class=\"wp-block-image\">\n<figure class=\"aligncenter size-full\"><img decoding=\"async\" width=\"859\" height=\"601\" src=\"https:\/\/inmobiliariabembibre.com\/wp-content\/uploads\/2023\/02\/Publi-Inmo_Sergio-222.jpg\" alt=\"\" class=\"wp-image-75\" srcset=\"https:\/\/inmobiliariabembibre.com\/wp-content\/uploads\/2023\/02\/Publi-Inmo_Sergio-222.jpg 859w, https:\/\/inmobiliariabembibre.com\/wp-content\/uploads\/2023\/02\/Publi-Inmo_Sergio-222-300x210.jpg 300w, https:\/\/inmobiliariabembibre.com\/wp-content\/uploads\/2023\/02\/Publi-Inmo_Sergio-222-768x537.jpg 768w\" sizes=\"(max-width: 859px) 100vw, 859px\" \/><\/figure><\/div>","protected":false},"excerpt":{"rendered":"<p>Debido a los constantes cambios en el mercado de alquiler, no puedo ofrecer ninguna vivienda en concreto. D\u00e9jeme sus datos, sus necesidades de vivienda (N\u00ba de dormitorios, ascensor, preferencia de [&hellip;]<\/p>\n","protected":false},"author":1,"featured_media":0,"parent":0,"menu_order":0,"comment_status":"closed","ping_status":"closed","template":"","meta":{"footnotes":""},"class_list":["post-56","page","type-page","status-publish","hentry"],"_links":{"self":[{"href":"https:\/\/inmobiliariabembibre.com\/index.php?rest_route=\/wp\/v2\/pages\/56","targetHints":{"allow":["GET"]}}],"collection":[{"href":"https:\/\/inmobiliariabembibre.com\/index.php?rest_route=\/wp\/v2\/pages"}],"about":[{"href":"https:\/\/inmobiliariabembibre.com\/index.php?rest_route=\/wp\/v2\/types\/page"}],"author":[{"embeddable":true,"href":"https:\/\/inmobiliariabembibre.com\/index.php?rest_route=\/wp\/v2\/users\/1"}],"replies":[{"embeddable":true,"href":"https:\/\/inmobiliariabembibre.com\/index.php?rest_route=%2Fwp%2Fv2%2Fcomments&post=56"}],"version-history":[{"count":19,"href":"https:\/\/inmobiliariabembibre.com\/index.php?rest_route=\/wp\/v2\/pages\/56\/revisions"}],"predecessor-version":[{"id":345,"href":"https:\/\/inmobiliariabembibre.com\/index.php?rest_route=\/wp\/v2\/pages\/56\/revisions\/345"}],"wp:attachment":[{"href":"https:\/\/inmobiliariabembibre.com\/index.php?rest_route=%2Fwp%2Fv2%2Fmedia&parent=56"}],"curies":[{"name":"wp","href":"https:\/\/api.w.org\/{rel}","templated":true}]}}